000010 + 10000?
-100110110010
In base 8, what is -25 + 135?
110
In base 8, what is -7444 + -20?
-7464
In base 8, what is -3116 + 2?
-3114
In base 4, what is 3 + 1123133323?
1123133332
In base 13, what is 22 + 87a3?
87c5
In base 16, what is -3 + 2e0bc?
2e0b9
In base 12, what is 2ab - 1a?
291
In base 5, what is -3410403 + 1?
-3410402
In base 14, what is -2bda - 2?
-2bdc
In base 10, what is 25 - 2588?
-2563
In base 6, what is 53510 - -11?
53521
In base 4, what is -1 - 20303133?
-20303200
In base 10, what is -5 - -29044?
29039
In base 7, what is 526314 + 3?
526320
In base 4, what is -2 + 1012322120?
1012322112
In base 9, what is -1 - -373471?
373470
In base 14, what is 0 - 2dc31?
-2dc31
In base 7, what is 31 - 641?
-610
In base 7, what is 1 + -113105?
-113104
In base 3, what is -10 + -2101020201222?
-2101020202002
In base 9, what is 1264 + 426?
1701
In base 12, what is -34 - -200?
188
In base 4, what is -212213321 + 0?
-212213321
In base 15, what is -1c7b5 - 2?
-1c7b7
In base 12, what is -45b + 31?
-42a
In base 9, what is 6 - -15081?
15087
In base 3, what is 2012221012 - -111?
2012221200
In base 16, what is aa + 5199?
5243
In base 7, what is -2065050 + 5?
-2065042
In base 2, what is 1001111100000111 + -111?
1001111100000000
In base 12, what is -37 - 552?
-589
In base 8, what is -40 - 1767?
-2027
In base 3, what is -1012120 + 0?
-1012120
In base 4, what is -320 - -131013?
130033
In base 9, what is -117661 + 17?
-117643
In base 10, what is 1 + -946698?
-946697
In base 12, what is -16199 - 28?
-16205
In base 8, what is -244231 - -4?
-244225
In base 7, what is -511 + 2203?
1362
In base 8, what is -4 - -70317?
70313
In base 7, what is -4 + 240150?
240143
In base 13, what is -b1a6 - 2?
-b1a8
In base 2, what is -100011010101010011000 - 10?
-100011010101010011010
In base 16, what is 3 - -25f7?
25fa
In base 14, what is 5 + -cadba?
-cadb5
In base 3, what is 1111120 - -1111?
1120001
In base 13, what is -4 - 138a12?
-138a16
In base 12, what is -3859 + 8a?
-378b
In base 15, what is 144b9 + -7?
144b2
In base 7, what is 666662 - -1?
666663
In base 4, what is 103031 - 201330?
-32233
In base 10, what is -5435 + -8?
-5443
In base 9, what is -402715 + 4?
-402711
In base 12, what is -86452 + -3?
-86455
In base 4, what is -3123 - -1322332?
1313203
In base 8, what is 2012 + -6?
2004
In base 12, what is 64 - 3697?
-3633
In base 4, what is 31 + 10023323?
10030020
In base 7, what is 1 + 612235?
612236
In base 14, what is -1 - 2b357?
-2b358
In base 3, what is 12 + -22200020?
-22200001
In base 9, what is -3 + 707?
704
In base 12, what is -290b + 73?
-2858
In base 13, what is 19 - -2058a?
205a6
In base 15, what is -4 + -436?
-43a
In base 13, what is -4 - -bcb?
bc7
In base 11, what is -51 + -122?
-173
In base 8, what is -401536 + -10?
-401546
In base 6, what is 4 + 125542?
125550
In base 11, what is -236 + -241?
-477
In base 7, what is -2 - 1306525?
-1306530
In base 6, what is 1110235 + -5?
1110230
In base 14, what is bc + -d3b?
-c5d
In base 12, what is -4 - b935?
-b939
In base 3, what is -1201112021 - 2211?
-1201122002
In base 6, what is -12340 + 13555?
1215
In base 9, what is 3 + -121341?
-121337
In base 11, what is 5 + 8207?
8211
In base 13, what is 138 - ca5?
-b6a
In base 11, what is -367 - 10?
-377
In base 13, what is -1a19 + 7b?
-196b
In base 3, what is 10101012 - 20120?
10010122
In base 6, what is -1011003 - -43?
-1010520
In base 16, what is a50 - -e3?
b33
In base 3, what is -12 + 110121000102?
110121000020
In base 6, what is -1 - 3350130?
-3350131
In base 12, what is -723871 - 2?
-723873
In base 13, what is -c6 + 1a5?
ac
In base 11, what is -1460847 - -3?
-1460844
In base 6, what is -51 + -115142?
-115233
In base 2, what is -111110 + -1100000?
-10011110
In base 5, what is -140 - -4011?
3321
In base 8, what is 2 + -73053?
-73051
In base 8, what is 12525 + 1113?
13640
In base 13, what is 36aa + 16?
36c3
In base 13, what is -75bb + 1?
-75ba
In base 9, what is -84364 + 2?
-84362
In base 9, what is 117366 - -3?
117370
In base 10, what is 3636 + 23?
3659
In base 2, what is -10 + -100111110011001001111?
-100111110011001010001
In base 9, what is 473 + -207?
265
In base 2, what is -1010100111010 - 1000?
-1010101000010
In base 9, what is -173 - 343?
-526
In base 15, what is -1 - 7d054?
-7d055
In base 15, what is -18 + -135d?
-1376
In base 13, what is -4058 - -2a?
-402b
In base 6, what is -501 - 520?
-1421
In base 15, what is -34 + 14b3?
147e
In base 14, what is 5 - 5034?
-502d
In base 13, what is 12 + -65276?
-65264
In base 15, what is 1 - 24498?
-24497
In base 8, what is -326 - -351?
23
In base 14, what is 8 + 6140?
6148
In base 16, what is -4 - 80cf?
-80d3
In base 13, what is -422140 + -2?
-422142
In base 11, what is -259 - 2a?
-288
In base 3, what is 102112111120 + -21?
102112111022
In base 6, what is 1223530 - -40?
1224010
In base 11, what is -29 + 5a70?
5a42
In base 14, what is -19d2c2 - -3?
-19d2bd
In base 11, what is -11699 + 5?
-11694
In base 9, what is -13765 + -2?
-13767
In base 12, what is 2 + -2860?
-285a
In base 5, what is -142 + 134313?
134121
In base 5, what is 23000313 - -2?
23000320
In base 8, what is 146 + 2574?
2742
In base 15, what is e8ae + -5?
e8a9
In base 13, what is -224 - -45?
-1ac
In base 15, what is 1567 - -5?
156c
In base 14, what is bc11 - -28?
bc39
In base 5, what is -300411 + -21?
-300432
In base 11, what is -6716 + 7?
-670a
In base 7, what is 3 - 153153?
-153150
In base 16, what is d - 20f?
-202
In base 8, what is 2 - -54511?
54513
In base 14, what is -5 - 18311?
-18316
In base 12, what is 1247 + -40?
1207
In base 14, what is -1394c - 13?
-13961
In base 6, what is -331 + -11?
-342
In base 13, what is 2bc + -1c52?
-1963
In base 14, what is -120bd + 0?
-120bd
In base 13, what is 1a1 - -c3?
294
In base 9, what is 6 - -1837034?
1837041
In base 11, what is -3 + 21035?
21032
In base 13, what is -4 - -1a909?
1a905
In base 9, what is -7412 + -166?
-7578
In base 3, what is -1120001 + 110122?
-1002102
In base 16, what is -2 - 1d8a?
-1d8c
In base 9, what is -42 - 15540?
-15582
In base 15, what is -16e1 + -1?
-16e2
In base 11, what is 2 + 2998?
299a
In base 12, what is 3 + 3875?
3878
In base 5, what is -43342 + 0?
-43342
In base 7, what is -4205 - -4663?
455
In base 13, what is 0 + 136ab?
136ab
In base 9, what is 4450 - 254?
4185
In base 4, what is -2 - 10133100311?
-10133100313
In base 12, what is -b3 + 847?
754
In base 4, what is -1210131000 + -2?
-1210131002
In base 8, what is -14013 + 1?
-14012
In base 13, what is -3 + -44064?
-44067
In base 2, what is -100 - -11000111111000?
11000111110100
In base 11, what is 0 - -21775?
21775
In base 9, what is -5 - 702263?
-702268
In base 8, what is 4223276 - 1?
4223275
In base 14, what is -15bb - 7d?
-165a
In base 6, what is -14134 + 0?
-14134
In base 8, what is 2 + -570?
-566
In base 4, what is -1131302 + 1301?
-1130001
In base 7, what is 60 - -346?
436
In base 7, what is 634016 + -1?
634015
In base 10, what is -4752 - 482?
-5234
In base 9, what is 421 - -65?
486
In base 13, what is -1c95 + 0?
-1c95
In base 14, what is -62c - 2ac?
-8da
In base 4, what is 200203331 - -1?
200203332
In base 16, what is -a1a + 33?
-9e7
In base 9, what is -2 + 34721?
34718
In base 2, what is -1010 + 110010111?
110001101
In base 13, what is 0 - -4630c?
4630c
In base 3, what is 0 - 10221112?
-10221112
In base 6, what is 4 + -415552?
-415544
In base 14, what is 4a75 - -3b?
4ab2
In base 16, what is 714a - -5?
714f
In base 8, what is -37 - -6135?
6076
In base 4, what is -20202211 - -1?
-20202210
In base 10, what is 590 + 83?
673
In base 2, what is -110 - -1100001101?
1100000111
In base 10, what is 162 - -393?
555
In base 6, what is 32500 + -2?
32454
In base 2, what is -1110101111011000 - 100?
-1110101111011100
In base 9, what is 7833 - 100?
7733
In base 7, what is -4 + 3426?
3422
In base 9, what is 14 + 4346?
4361
In base 4, what is 2032 - -1333?
10031
In base 12, what is -31 - 5932?
-5963
In base 11, what is -271042 + 2?
-271040
In base 4, what is -3 + -3230200?
-3230203
In base 3, what is -20002 - 1101010?
-1121012
In base 11, what is 0 - -1a27?
1a27
In base 3, what is 202210001 - -21?
202210022
In base 5, what is 132042 - 1120?
130422
In base 13, what is -3 - 4a54?
-4a57
In base 16, what is 11757 - -5?
1175c
In base 12, what is 2979 -